{"id":90,"date":"2016-12-14T08:19:36","date_gmt":"2016-12-14T07:19:36","guid":{"rendered":"http:\/\/dezavelle.com\/cabinet-dpo\/?page_id=90"},"modified":"2017-03-30T21:12:46","modified_gmt":"2017-03-30T19:12:46","slug":"nos-clients","status":"publish","type":"page","link":"https:\/\/dezavelle.com\/cabinet-dpo\/nos-clients\/","title":{"rendered":"Nos clients"},"content":{"rendered":"<p>DPO-AVOCATS est le CIL externe et le conseil de :<\/p>\n<ul style=\"list-style-type: square;\">\n<li>H\u00f4pitaux (Fonction Publique Hospitali\u00e8re)<\/li>\n<li>Cabinets m\u00e9dicaux sp\u00e9cialis\u00e9s<\/li>\n<li>Cabinets d\u2019Avocats<\/li>\n<li>Etablissements financiers<\/li>\n<li>Entreprises de secteur divers<\/li>\n<li>Entreprises de services \u00e0 la personne<\/li>\n<li>F\u00e9d\u00e9rations et syndicats<\/li>\n<li>Etc.<\/li>\n<\/ul>\n<p>&nbsp;<\/p>\n<p>&nbsp;<\/p>\n<p><img decoding=\"async\" src=\"blob:http:\/\/dezavelle.com\/2a7cd730-a9ca-4c89-878e-f4e0d8fb4c63\" \/><\/p>\n<p>DPO AVOCATS est le CIL externe mutualis\u00e9 de la F\u00e9d\u00e9ration du Service aux Particuliers (FESP) et du Syndicat des Entreprises de Services \u00e0 la Personne (SESP).<\/p>\n<p>Suite \u00e0 la signature du partenariat le 16 novembre 2016, \u00e0 l\u2019occasion de la 10\u00e8me \u00e9dition du Salon des SAP \u00e0 Paris, de la FESP avec le Cabinet DPO-Avocats, les adh\u00e9rents de la f\u00e9d\u00e9ration acc\u00e8dent au premier dispositif mutualis\u00e9 de branche professionnelle de protection des donn\u00e9es personnelles en France \u00e0 destination des entreprises.<\/p>\n<div class=\"page\" title=\"Page 1\">\n<div class=\"layoutArea\">\n<div class=\"column\">\n<p>Ce partenariat permet de leur proposer des tarifs n\u00e9goci\u00e9s et avantageux pour la mise en conformit\u00e9 des donn\u00e9es personnelles des clients et autres interlocuteurs de structures, optimis\u00e9s et acceptables, quelle que soit leur taille, leur chiffre d\u2019affaires, leur nombre de salari\u00e9s, etc.<\/p>\n<p><a href=\"https:\/\/dezavelle.com\/cabinet-dpo\/wp-content\/uploads\/2016\/12\/CP-Fesp-DPO-CIL-mutualis\u00e9.pdf\">CP Fesp &#8211; DPO &#8211; CIL mutualis\u00e9<\/a><\/p>\n<p>Vous pouvez t\u00e9l\u00e9charger ici la plaquette \u00e0 destination des entreprises de services \u00e0 la personne, adh\u00e9rentes au SESP et \u00e0 la FESP.<\/p>\n<p><a href=\"https:\/\/dezavelle.com\/cabinet-dpo\/wp-content\/uploads\/2017\/03\/DPO-avocats-Plaquette-FESP.pdf\" target=\"_blank\">DPO-avocats Plaquette FESP<\/a><\/p>\n<\/div>\n<\/div>\n<\/div>\n","protected":false},"excerpt":{"rendered":"<p>DPO-AVOCATS est le CIL externe et le conseil de : H\u00f4pitaux (Fonction Publique Hospitali\u00e8re) Cabinets m\u00e9dicaux sp\u00e9cialis\u00e9s Cabinets d\u2019Avocats Etablissements financiers Entreprises de secteur divers Entreprises de services \u00e0 la personne F\u00e9d\u00e9rations et syndicats Etc. &nbsp; &nbsp; DPO AVOCATS est le CIL externe mutualis\u00e9 de la F\u00e9d\u00e9ration du Service aux Particuliers (FESP) et du Syndicat [&hellip;]<\/p>\n","protected":false},"author":1,"featured_media":0,"parent":0,"menu_order":0,"comment_status":"closed","ping_status":"closed","template":"","meta":{"footnotes":""},"yoast_head":"<!-- This site is optimized with the Yoast SEO plugin v20.4 - https:\/\/yoast.com\/wordpress\/plugins\/seo\/ -->\n<title>Nos clients - Dezavelle<\/title>\n<meta name=\"robots\" content=\"index, follow, max-snippet:-1, max-image-preview:large, max-video-preview:-1\" \/>\n<link rel=\"canonical\" href=\"https:\/\/dezavelle.com\/cabinet-dpo\/nos-clients\/\" \/>\n<meta property=\"og:locale\" content=\"fr_FR\" \/>\n<meta property=\"og:type\" content=\"article\" \/>\n<meta property=\"og:title\" content=\"Nos clients - Dezavelle\" \/>\n<meta property=\"og:description\" content=\"DPO-AVOCATS est le CIL externe et le conseil de : H\u00f4pitaux (Fonction Publique Hospitali\u00e8re) Cabinets m\u00e9dicaux sp\u00e9cialis\u00e9s Cabinets d\u2019Avocats Etablissements financiers Entreprises de secteur divers Entreprises de services \u00e0 la personne F\u00e9d\u00e9rations et syndicats Etc. &nbsp; &nbsp; DPO AVOCATS est le CIL externe mutualis\u00e9 de la F\u00e9d\u00e9ration du Service aux Particuliers (FESP) et du Syndicat [&hellip;]\" \/>\n<meta property=\"og:url\" content=\"https:\/\/dezavelle.com\/cabinet-dpo\/nos-clients\/\" \/>\n<meta property=\"og:site_name\" content=\"Dezavelle\" \/>\n<meta property=\"article:modified_time\" content=\"2017-03-30T19:12:46+00:00\" \/>\n<meta property=\"og:image\" content=\"\" \/>\n<meta name=\"twitter:card\" content=\"summary_large_image\" \/>\n<meta name=\"twitter:label1\" content=\"Dur\u00e9e de lecture estim\u00e9e\" \/>\n\t<meta name=\"twitter:data1\" content=\"1 minute\" \/>\n<script type=\"application\/ld+json\" class=\"yoast-schema-graph\">{\"@context\":\"https:\/\/schema.org\",\"@graph\":[{\"@type\":\"WebPage\",\"@id\":\"https:\/\/dezavelle.com\/cabinet-dpo\/nos-clients\/\",\"url\":\"https:\/\/dezavelle.com\/cabinet-dpo\/nos-clients\/\",\"name\":\"Nos clients - Dezavelle\",\"isPartOf\":{\"@id\":\"https:\/\/dezavelle.com\/cabinet-dpo\/#website\"},\"datePublished\":\"2016-12-14T07:19:36+00:00\",\"dateModified\":\"2017-03-30T19:12:46+00:00\",\"breadcrumb\":{\"@id\":\"https:\/\/dezavelle.com\/cabinet-dpo\/nos-clients\/#breadcrumb\"},\"inLanguage\":\"fr-FR\",\"potentialAction\":[{\"@type\":\"ReadAction\",\"target\":[\"https:\/\/dezavelle.com\/cabinet-dpo\/nos-clients\/\"]}]},{\"@type\":\"BreadcrumbList\",\"@id\":\"https:\/\/dezavelle.com\/cabinet-dpo\/nos-clients\/#breadcrumb\",\"itemListElement\":[{\"@type\":\"ListItem\",\"position\":1,\"name\":\"Accueil\",\"item\":\"https:\/\/dezavelle.com\/cabinet-dpo\/\"},{\"@type\":\"ListItem\",\"position\":2,\"name\":\"Nos clients\"}]},{\"@type\":\"WebSite\",\"@id\":\"https:\/\/dezavelle.com\/cabinet-dpo\/#website\",\"url\":\"https:\/\/dezavelle.com\/cabinet-dpo\/\",\"name\":\"Dezavelle\",\"description\":\"\",\"potentialAction\":[{\"@type\":\"SearchAction\",\"target\":{\"@type\":\"EntryPoint\",\"urlTemplate\":\"https:\/\/dezavelle.com\/cabinet-dpo\/?s={search_term_string}\"},\"query-input\":\"required name=search_term_string\"}],\"inLanguage\":\"fr-FR\"}]}<\/script>\n<!-- \/ Yoast SEO plugin. -->","yoast_head_json":{"title":"Nos clients - Dezavelle","robots":{"index":"index","follow":"follow","max-snippet":"max-snippet:-1","max-image-preview":"max-image-preview:large","max-video-preview":"max-video-preview:-1"},"canonical":"https:\/\/dezavelle.com\/cabinet-dpo\/nos-clients\/","og_locale":"fr_FR","og_type":"article","og_title":"Nos clients - Dezavelle","og_description":"DPO-AVOCATS est le CIL externe et le conseil de : H\u00f4pitaux (Fonction Publique Hospitali\u00e8re) Cabinets m\u00e9dicaux sp\u00e9cialis\u00e9s Cabinets d\u2019Avocats Etablissements financiers Entreprises de secteur divers Entreprises de services \u00e0 la personne F\u00e9d\u00e9rations et syndicats Etc. &nbsp; &nbsp; DPO AVOCATS est le CIL externe mutualis\u00e9 de la F\u00e9d\u00e9ration du Service aux Particuliers (FESP) et du Syndicat [&hellip;]","og_url":"https:\/\/dezavelle.com\/cabinet-dpo\/nos-clients\/","og_site_name":"Dezavelle","article_modified_time":"2017-03-30T19:12:46+00:00","og_image":[{"url":"blob:http:\/\/dezavelle.com\/2a7cd730-a9ca-4c89-878e-f4e0d8fb4c63"}],"twitter_card":"summary_large_image","twitter_misc":{"Dur\u00e9e de lecture estim\u00e9e":"1 minute"},"schema":{"@context":"https:\/\/schema.org","@graph":[{"@type":"WebPage","@id":"https:\/\/dezavelle.com\/cabinet-dpo\/nos-clients\/","url":"https:\/\/dezavelle.com\/cabinet-dpo\/nos-clients\/","name":"Nos clients - Dezavelle","isPartOf":{"@id":"https:\/\/dezavelle.com\/cabinet-dpo\/#website"},"datePublished":"2016-12-14T07:19:36+00:00","dateModified":"2017-03-30T19:12:46+00:00","breadcrumb":{"@id":"https:\/\/dezavelle.com\/cabinet-dpo\/nos-clients\/#breadcrumb"},"inLanguage":"fr-FR","potentialAction":[{"@type":"ReadAction","target":["https:\/\/dezavelle.com\/cabinet-dpo\/nos-clients\/"]}]},{"@type":"BreadcrumbList","@id":"https:\/\/dezavelle.com\/cabinet-dpo\/nos-clients\/#breadcrumb","itemListElement":[{"@type":"ListItem","position":1,"name":"Accueil","item":"https:\/\/dezavelle.com\/cabinet-dpo\/"},{"@type":"ListItem","position":2,"name":"Nos clients"}]},{"@type":"WebSite","@id":"https:\/\/dezavelle.com\/cabinet-dpo\/#website","url":"https:\/\/dezavelle.com\/cabinet-dpo\/","name":"Dezavelle","description":"","potentialAction":[{"@type":"SearchAction","target":{"@type":"EntryPoint","urlTemplate":"https:\/\/dezavelle.com\/cabinet-dpo\/?s={search_term_string}"},"query-input":"required name=search_term_string"}],"inLanguage":"fr-FR"}]}},"_links":{"self":[{"href":"https:\/\/dezavelle.com\/cabinet-dpo\/wp-json\/wp\/v2\/pages\/90"}],"collection":[{"href":"https:\/\/dezavelle.com\/cabinet-dpo\/wp-json\/wp\/v2\/pages"}],"about":[{"href":"https:\/\/dezavelle.com\/cabinet-dpo\/wp-json\/wp\/v2\/types\/page"}],"author":[{"embeddable":true,"href":"https:\/\/dezavelle.com\/cabinet-dpo\/wp-json\/wp\/v2\/users\/1"}],"replies":[{"embeddable":true,"href":"https:\/\/dezavelle.com\/cabinet-dpo\/wp-json\/wp\/v2\/comments?post=90"}],"version-history":[{"count":14,"href":"https:\/\/dezavelle.com\/cabinet-dpo\/wp-json\/wp\/v2\/pages\/90\/revisions"}],"predecessor-version":[{"id":557,"href":"https:\/\/dezavelle.com\/cabinet-dpo\/wp-json\/wp\/v2\/pages\/90\/revisions\/557"}],"wp:attachment":[{"href":"https:\/\/dezavelle.com\/cabinet-dpo\/wp-json\/wp\/v2\/media?parent=90"}],"curies":[{"name":"wp","href":"https:\/\/api.w.org\/{rel}","templated":true}]}}