{"id":118,"date":"2016-12-14T10:36:19","date_gmt":"2016-12-14T09:36:19","guid":{"rendered":"http:\/\/dezavelle.com\/cabinet-dpo\/?page_id=118"},"modified":"2017-07-23T18:05:53","modified_gmt":"2017-07-23T16:05:53","slug":"informatique-et-libertes","status":"publish","type":"page","link":"https:\/\/dezavelle.com\/cabinet-dpo\/informatique-et-libertes\/","title":{"rendered":"Informatique et Libert\u00e9s"},"content":{"rendered":"<p>&nbsp;<\/p>\n<div class=\"feedzy-rss feedzy-842bcbc26bfb4ece327993877777707f\">\n\t\t\t<h2  >\n\t\t\t<a href=\"https:\/\/www.cnil.fr\/fr\" class=\"rss_title\" rel=\"noopener\">\n\t\t\t\tRSS - Actualit\u00e9s CNIL\t\t\t<\/a>\n\t\t\t<span class=\"rss_description\">\n\t\t\t\tProt\u00e9ger les donn\u00e9es personnelles, accompagner l'innovation, pr\u00e9server les libert\u00e9s individuelles\t\t\t<\/span>\n\t\t<\/h2>\n\t\t<ul class=\"feedzy-style1\">\n\t\t\t\t\t<li  style=\"padding: 8px 0 13px\" class=\"rss_item feedzy-rss-col-3\" >\n\t\t\t\t\t\t\t\t\t<div class=\"rss_image\" style=\"width:80px; height:80px;\">\n\t\t\t\t\t\t<a href=\"https:\/\/www.cnil.fr\/fr\/g7-2026-la-cnil-accueille-la-table-ronde\" target=\"_blank\" \n\t\t\t\t\t\t\trel=\"noopener \"\n\t\t\t\t\t\t\ttitle=\"G7 2026 : la CNIL accueille \u00e0 Paris la Table ronde des autorit\u00e9s de protection des donn\u00e9es et de la vie priv\u00e9e\"\n\t\t\t\t\t\t\tstyle=\"width:80px; height:80px;\">\n\t\t\t\t\t\t\t<span class=\"default\" style=\"background-image:url(https:\/\/dezavelle.com\/cabinet-dpo\/wp-content\/uploads\/2016\/12\/logos-dpo-footer.png)\" title=\"G7 2026 : la CNIL accueille \u00e0 Paris la Table ronde des autorit\u00e9s de protection des donn\u00e9es et de la vie priv\u00e9e\"><\/span><amp-img width=\"80\" height=\"80\" src=\"https:\/\/dezavelle.com\/cabinet-dpo\/wp-content\/uploads\/2016\/12\/logos-dpo-footer.png\">\t\t\t\t\t\t<\/a>\n\t\t\t\t\t<\/div>\n\t\t\t\t\t\t\t\t<div class=\"rss_content_wrap\">\n\t\t\t\t\t<span class=\"title\">\n\t\t\t\t\t\t<a href=\"https:\/\/www.cnil.fr\/fr\/g7-2026-la-cnil-accueille-la-table-ronde\" target=\"_blank\"  rel=\"noopener \">\n\t\t\t\t\t\t\tG7 2026 : la CNIL accueille \u00e0 Paris la Table ronde des autorit\u00e9s de protection des donn\u00e9es et de la vie priv\u00e9e\t\t\t\t\t\t<\/a>\n\t\t\t\t\t<\/span>\n\t\t\t\t\t<div class=\"rss_content\"\n\t\t\t\t\t\tstyle=\"\">\n\t\t\t\t\t\t<small class=\"meta\">par <a href=\"\/\/www.cnil.fr\" target=\"_blank\" title=\"www.cnil.fr\">CNIL<\/a> le 6 mai 2026 \u00e0 12 h 00 <\/small>\n\n\t\t\t\t\t\t<p class=\"description\">Du 23 au 26 juin 2026, les autorit\u00e9s de protection des donn\u00e9es des pays du G7 se r\u00e9uniront \u00e0 Paris sous la pr\u00e9sidence de la CNIL. Cette rencontre annuelle vise \u00e0 renforcer la coop\u00e9ration internationale et \u00e0 promouvoir une protection \u00e9lev\u00e9e [&hellip;]<\/p>\n\n\t\t\t\t\t\t\n\t\t\t\t\t\t\t\t\t\t\t<\/div>\n\t\t\t\t<\/div>\n\t\t\t<\/li>\n\t\t\t\t\t\t<li  style=\"padding: 8px 0 13px\" class=\"rss_item feedzy-rss-col-3\" >\n\t\t\t\t\t\t\t\t\t<div class=\"rss_image\" style=\"width:80px; height:80px;\">\n\t\t\t\t\t\t<a href=\"https:\/\/www.cnil.fr\/fr\/g7-mediatheque\" target=\"_blank\" \n\t\t\t\t\t\t\trel=\"noopener \"\n\t\t\t\t\t\t\ttitle=\"M\u00e9diath\u00e8que\"\n\t\t\t\t\t\t\tstyle=\"width:80px; height:80px;\">\n\t\t\t\t\t\t\t<span class=\"default\" style=\"background-image:url(https:\/\/dezavelle.com\/cabinet-dpo\/wp-content\/uploads\/2016\/12\/logos-dpo-footer.png)\" title=\"M\u00e9diath\u00e8que\"><\/span><amp-img width=\"80\" height=\"80\" src=\"https:\/\/dezavelle.com\/cabinet-dpo\/wp-content\/uploads\/2016\/12\/logos-dpo-footer.png\">\t\t\t\t\t\t<\/a>\n\t\t\t\t\t<\/div>\n\t\t\t\t\t\t\t\t<div class=\"rss_content_wrap\">\n\t\t\t\t\t<span class=\"title\">\n\t\t\t\t\t\t<a href=\"https:\/\/www.cnil.fr\/fr\/g7-mediatheque\" target=\"_blank\"  rel=\"noopener \">\n\t\t\t\t\t\t\tM\u00e9diath\u00e8que\t\t\t\t\t\t<\/a>\n\t\t\t\t\t<\/span>\n\t\t\t\t\t<div class=\"rss_content\"\n\t\t\t\t\t\tstyle=\"\">\n\t\t\t\t\t\t<small class=\"meta\">par <a href=\"\/\/www.cnil.fr\" target=\"_blank\" title=\"www.cnil.fr\">CNIL<\/a> le 6 mai 2026 \u00e0 12 h 00 <\/small>\n\n\t\t\t\t\t\t<p class=\"description\">Retrouvez dans cette rubrique les communiqu\u00e9s de presse ainsi que les photos et vid\u00e9os de l\u2019\u00e9v\u00e8nement.<\/p>\n\n\t\t\t\t\t\t\n\t\t\t\t\t\t\t\t\t\t\t<\/div>\n\t\t\t\t<\/div>\n\t\t\t<\/li>\n\t\t\t\t\t\t<li  style=\"padding: 8px 0 13px\" class=\"rss_item feedzy-rss-col-3\" >\n\t\t\t\t\t\t\t\t\t<div class=\"rss_image\" style=\"width:80px; height:80px;\">\n\t\t\t\t\t\t<a href=\"https:\/\/www.cnil.fr\/fr\/g7-membres-et-resultats\" target=\"_blank\" \n\t\t\t\t\t\t\trel=\"noopener \"\n\t\t\t\t\t\t\ttitle=\"Les membres et les r\u00e9sultats\"\n\t\t\t\t\t\t\tstyle=\"width:80px; height:80px;\">\n\t\t\t\t\t\t\t<span class=\"default\" style=\"background-image:url(https:\/\/dezavelle.com\/cabinet-dpo\/wp-content\/uploads\/2016\/12\/logos-dpo-footer.png)\" title=\"Les membres et les r\u00e9sultats\"><\/span><amp-img width=\"80\" height=\"80\" src=\"https:\/\/dezavelle.com\/cabinet-dpo\/wp-content\/uploads\/2016\/12\/logos-dpo-footer.png\">\t\t\t\t\t\t<\/a>\n\t\t\t\t\t<\/div>\n\t\t\t\t\t\t\t\t<div class=\"rss_content_wrap\">\n\t\t\t\t\t<span class=\"title\">\n\t\t\t\t\t\t<a href=\"https:\/\/www.cnil.fr\/fr\/g7-membres-et-resultats\" target=\"_blank\"  rel=\"noopener \">\n\t\t\t\t\t\t\tLes membres et les r\u00e9sultats\t\t\t\t\t\t<\/a>\n\t\t\t\t\t<\/span>\n\t\t\t\t\t<div class=\"rss_content\"\n\t\t\t\t\t\tstyle=\"\">\n\t\t\t\t\t\t<small class=\"meta\">par <a href=\"\/\/www.cnil.fr\" target=\"_blank\" title=\"www.cnil.fr\">CNIL<\/a> le 6 mai 2026 \u00e0 12 h 00 <\/small>\n\n\t\t\t\t\t\t<p class=\"description\">Cr\u00e9\u00e9e en 2021, la Table ronde des autorit\u00e9s de protection des donn\u00e9es des pays et de la vie priv\u00e9e du G7 r\u00e9unit, sous l\u2019impulsion de la pr\u00e9sidence annuelle, les autorit\u00e9s comp\u00e9tentes de l'Allemagne, du Canada, des \u00c9tats-Unis, la France, [&hellip;]<\/p>\n\n\t\t\t\t\t\t\n\t\t\t\t\t\t\t\t\t\t\t<\/div>\n\t\t\t\t<\/div>\n\t\t\t<\/li>\n\t\t\t\t\t\t<li  style=\"padding: 8px 0 13px\" class=\"rss_item feedzy-rss-col-3\" >\n\t\t\t\t\t\t\t\t\t<div class=\"rss_image\" style=\"width:80px; height:80px;\">\n\t\t\t\t\t\t<a href=\"https:\/\/www.cnil.fr\/fr\/g7-vue-d-ensemble\" target=\"_blank\" \n\t\t\t\t\t\t\trel=\"noopener \"\n\t\t\t\t\t\t\ttitle=\"Vue d\u2019ensemble\"\n\t\t\t\t\t\t\tstyle=\"width:80px; height:80px;\">\n\t\t\t\t\t\t\t<span class=\"default\" style=\"background-image:url(https:\/\/dezavelle.com\/cabinet-dpo\/wp-content\/uploads\/2016\/12\/logos-dpo-footer.png)\" title=\"Vue d\u2019ensemble\"><\/span><amp-img width=\"80\" height=\"80\" src=\"https:\/\/dezavelle.com\/cabinet-dpo\/wp-content\/uploads\/2016\/12\/logos-dpo-footer.png\">\t\t\t\t\t\t<\/a>\n\t\t\t\t\t<\/div>\n\t\t\t\t\t\t\t\t<div class=\"rss_content_wrap\">\n\t\t\t\t\t<span class=\"title\">\n\t\t\t\t\t\t<a href=\"https:\/\/www.cnil.fr\/fr\/g7-vue-d-ensemble\" target=\"_blank\"  rel=\"noopener \">\n\t\t\t\t\t\t\tVue d\u2019ensemble\t\t\t\t\t\t<\/a>\n\t\t\t\t\t<\/span>\n\t\t\t\t\t<div class=\"rss_content\"\n\t\t\t\t\t\tstyle=\"\">\n\t\t\t\t\t\t<small class=\"meta\">par <a href=\"\/\/www.cnil.fr\" target=\"_blank\" title=\"www.cnil.fr\">CNIL<\/a> le 6 mai 2026 \u00e0 12 h 00 <\/small>\n\n\t\t\t\t\t\t<p class=\"description\">Les autorit\u00e9s de protection des donn\u00e9es et de la vie priv\u00e9e du G7 collaborent afin d\u2019identifier les enjeux et opportunit\u00e9s communs, de s\u2019adapter avec agilit\u00e9 aux \u00e9volutions en cours et de mettre en \u0153uvre des approches r\u00e9glementaires [&hellip;]<\/p>\n\n\t\t\t\t\t\t\n\t\t\t\t\t\t\t\t\t\t\t<\/div>\n\t\t\t\t<\/div>\n\t\t\t<\/li>\n\t\t\t\t\t\t<li  style=\"padding: 8px 0 13px\" class=\"rss_item feedzy-rss-col-3\" >\n\t\t\t\t\t\t\t\t\t<div class=\"rss_image\" style=\"width:80px; height:80px;\">\n\t\t\t\t\t\t<a href=\"https:\/\/www.cnil.fr\/fr\/ia-conversationnelle-et-sante-mentale-des-jeunes-resultats-de-lenquete-europeenne\" target=\"_blank\" \n\t\t\t\t\t\t\trel=\"noopener \"\n\t\t\t\t\t\t\ttitle=\"IA conversationnelle et sant\u00e9 mentale des jeunes : r\u00e9sultats de l\u2019enqu\u00eate europ\u00e9enne\"\n\t\t\t\t\t\t\tstyle=\"width:80px; height:80px;\">\n\t\t\t\t\t\t\t<span class=\"default\" style=\"background-image:url(https:\/\/dezavelle.com\/cabinet-dpo\/wp-content\/uploads\/2016\/12\/logos-dpo-footer.png)\" title=\"IA conversationnelle et sant\u00e9 mentale des jeunes : r\u00e9sultats de l\u2019enqu\u00eate europ\u00e9enne\"><\/span><amp-img width=\"80\" height=\"80\" src=\"https:\/\/dezavelle.com\/cabinet-dpo\/wp-content\/uploads\/2016\/12\/logos-dpo-footer.png\">\t\t\t\t\t\t<\/a>\n\t\t\t\t\t<\/div>\n\t\t\t\t\t\t\t\t<div class=\"rss_content_wrap\">\n\t\t\t\t\t<span class=\"title\">\n\t\t\t\t\t\t<a href=\"https:\/\/www.cnil.fr\/fr\/ia-conversationnelle-et-sante-mentale-des-jeunes-resultats-de-lenquete-europeenne\" target=\"_blank\"  rel=\"noopener \">\n\t\t\t\t\t\t\tIA conversationnelle et sant\u00e9 mentale des jeunes : r\u00e9sultats de l\u2019enqu\u00eate europ\u00e9enne\t\t\t\t\t\t<\/a>\n\t\t\t\t\t<\/span>\n\t\t\t\t\t<div class=\"rss_content\"\n\t\t\t\t\t\tstyle=\"\">\n\t\t\t\t\t\t<small class=\"meta\">par <a href=\"\/\/www.cnil.fr\" target=\"_blank\" title=\"www.cnil.fr\">CNIL<\/a> le 5 mai 2026 \u00e0 12 h 00 <\/small>\n\n\t\t\t\t\t\t<p class=\"description\">Selon une enqu\u00eate du Groupe VYV et de la CNIL men\u00e9e dans quatre pays europ\u00e9ens, pr\u00e8s de 9 jeunes sur 10 utilisent une IA conversationnelle en France et pr\u00e8s d\u2019un sur deux y \u00e9voque des sujets personnels, ces outils s\u2019imposant comme des [&hellip;]<\/p>\n\n\t\t\t\t\t\t\n\t\t\t\t\t\t\t\t\t\t\t<\/div>\n\t\t\t\t<\/div>\n\t\t\t<\/li>\n\t\t\t\t\t\t<li  style=\"padding: 8px 0 13px\" class=\"rss_item feedzy-rss-col-3\" >\n\t\t\t\t\t\t\t\t\t<div class=\"rss_image\" style=\"width:80px; height:80px;\">\n\t\t\t\t\t\t<a href=\"https:\/\/www.cnil.fr\/fr\/ordre-du-jour-de-la-seance-pleniere-du-5-mai-2026\" target=\"_blank\" \n\t\t\t\t\t\t\trel=\"noopener \"\n\t\t\t\t\t\t\ttitle=\"Ordre du jour de la s\u00e9ance pl\u00e9ni\u00e8re du 5 mai 2026\"\n\t\t\t\t\t\t\tstyle=\"width:80px; height:80px;\">\n\t\t\t\t\t\t\t<span class=\"default\" style=\"background-image:url(https:\/\/dezavelle.com\/cabinet-dpo\/wp-content\/uploads\/2016\/12\/logos-dpo-footer.png)\" title=\"Ordre du jour de la s\u00e9ance pl\u00e9ni\u00e8re du 5 mai 2026\"><\/span><amp-img width=\"80\" height=\"80\" src=\"https:\/\/dezavelle.com\/cabinet-dpo\/wp-content\/uploads\/2016\/12\/logos-dpo-footer.png\">\t\t\t\t\t\t<\/a>\n\t\t\t\t\t<\/div>\n\t\t\t\t\t\t\t\t<div class=\"rss_content_wrap\">\n\t\t\t\t\t<span class=\"title\">\n\t\t\t\t\t\t<a href=\"https:\/\/www.cnil.fr\/fr\/ordre-du-jour-de-la-seance-pleniere-du-5-mai-2026\" target=\"_blank\"  rel=\"noopener \">\n\t\t\t\t\t\t\tOrdre du jour de la s\u00e9ance pl\u00e9ni\u00e8re du 5 mai 2026\t\t\t\t\t\t<\/a>\n\t\t\t\t\t<\/span>\n\t\t\t\t\t<div class=\"rss_content\"\n\t\t\t\t\t\tstyle=\"\">\n\t\t\t\t\t\t<small class=\"meta\">par <a href=\"\/\/www.cnil.fr\" target=\"_blank\" title=\"www.cnil.fr\">CNIL<\/a> le 5 mai 2026 \u00e0 12 h 00 <\/small>\n\n\t\t\t\t\t\t<p class=\"description\">La Commission nationale de l'informatique et des libert\u00e9s s\u2019est r\u00e9unie le mardi 5 mai 2026 \u00e0 9&amp;nbsp;h&amp;nbsp;30 avec l\u2019ordre du jour suivant&amp;nbsp;:<\/p>\n\n\t\t\t\t\t\t\n\t\t\t\t\t\t\t\t\t\t\t<\/div>\n\t\t\t\t<\/div>\n\t\t\t<\/li>\n\t\t\t\t\t\t<li  style=\"padding: 8px 0 13px\" class=\"rss_item feedzy-rss-col-3\" >\n\t\t\t\t\t\t\t\t\t<div class=\"rss_image\" style=\"width:80px; height:80px;\">\n\t\t\t\t\t\t<a href=\"https:\/\/www.cnil.fr\/fr\/revoir-le-webinaire-numerique-enfants-sensibilisation-parents-salaries\" target=\"_blank\" \n\t\t\t\t\t\t\trel=\"noopener \"\n\t\t\t\t\t\t\ttitle=\"Revoir le webinaire - Usages num\u00e9riques des enfants : comment sensibiliser les parents-salari\u00e9s ?\"\n\t\t\t\t\t\t\tstyle=\"width:80px; height:80px;\">\n\t\t\t\t\t\t\t<span class=\"default\" style=\"background-image:url(https:\/\/dezavelle.com\/cabinet-dpo\/wp-content\/uploads\/2016\/12\/logos-dpo-footer.png)\" title=\"Revoir le webinaire - Usages num\u00e9riques des enfants : comment sensibiliser les parents-salari\u00e9s ?\"><\/span><amp-img width=\"80\" height=\"80\" src=\"https:\/\/dezavelle.com\/cabinet-dpo\/wp-content\/uploads\/2016\/12\/logos-dpo-footer.png\">\t\t\t\t\t\t<\/a>\n\t\t\t\t\t<\/div>\n\t\t\t\t\t\t\t\t<div class=\"rss_content_wrap\">\n\t\t\t\t\t<span class=\"title\">\n\t\t\t\t\t\t<a href=\"https:\/\/www.cnil.fr\/fr\/revoir-le-webinaire-numerique-enfants-sensibilisation-parents-salaries\" target=\"_blank\"  rel=\"noopener \">\n\t\t\t\t\t\t\tRevoir le webinaire - Usages num\u00e9riques des enfants : comment sensibiliser les parents-salari\u00e9s ?\t\t\t\t\t\t<\/a>\n\t\t\t\t\t<\/span>\n\t\t\t\t\t<div class=\"rss_content\"\n\t\t\t\t\t\tstyle=\"\">\n\t\t\t\t\t\t<small class=\"meta\">par <a href=\"\/\/www.cnil.fr\" target=\"_blank\" title=\"www.cnil.fr\">CNIL<\/a> le 30 avril 2026 \u00e0 12 h 00 <\/small>\n\n\t\t\t\t\t\t<p class=\"description\">La CNIL vous propose de d\u00e9crypter un sujet ou une actualit\u00e9 en lien avec la protection des donn\u00e9es \u00e0 travers une s\u00e9rie de webinaires. Retrouvez ce nouvel \u00e9pisode consacr\u00e9 aux usages num\u00e9riques des enfants.<\/p>\n\n\t\t\t\t\t\t\n\t\t\t\t\t\t\t\t\t\t\t<\/div>\n\t\t\t\t<\/div>\n\t\t\t<\/li>\n\t\t\t\t\t\t<li  style=\"padding: 8px 0 13px\" class=\"rss_item feedzy-rss-col-3\" >\n\t\t\t\t\t\t\t\t\t<div class=\"rss_image\" style=\"width:80px; height:80px;\">\n\t\t\t\t\t\t<a href=\"https:\/\/www.cnil.fr\/fr\/la-cnil-approuve-le-code-de-conduite-porte-par-lalliance-du-commerce\" target=\"_blank\" \n\t\t\t\t\t\t\trel=\"noopener \"\n\t\t\t\t\t\t\ttitle=\"Commerce de d\u00e9tail : la CNIL approuve le code de conduite port\u00e9 par l\u2019Alliance du Commerce\"\n\t\t\t\t\t\t\tstyle=\"width:80px; height:80px;\">\n\t\t\t\t\t\t\t<span class=\"default\" style=\"background-image:url(https:\/\/dezavelle.com\/cabinet-dpo\/wp-content\/uploads\/2016\/12\/logos-dpo-footer.png)\" title=\"Commerce de d\u00e9tail : la CNIL approuve le code de conduite port\u00e9 par l\u2019Alliance du Commerce\"><\/span><amp-img width=\"80\" height=\"80\" src=\"https:\/\/dezavelle.com\/cabinet-dpo\/wp-content\/uploads\/2016\/12\/logos-dpo-footer.png\">\t\t\t\t\t\t<\/a>\n\t\t\t\t\t<\/div>\n\t\t\t\t\t\t\t\t<div class=\"rss_content_wrap\">\n\t\t\t\t\t<span class=\"title\">\n\t\t\t\t\t\t<a href=\"https:\/\/www.cnil.fr\/fr\/la-cnil-approuve-le-code-de-conduite-porte-par-lalliance-du-commerce\" target=\"_blank\"  rel=\"noopener \">\n\t\t\t\t\t\t\tCommerce de d\u00e9tail : la CNIL approuve le code de conduite port\u00e9 par l\u2019Alliance du Commerce\t\t\t\t\t\t<\/a>\n\t\t\t\t\t<\/span>\n\t\t\t\t\t<div class=\"rss_content\"\n\t\t\t\t\t\tstyle=\"\">\n\t\t\t\t\t\t<small class=\"meta\">par <a href=\"\/\/www.cnil.fr\" target=\"_blank\" title=\"www.cnil.fr\">CNIL<\/a> le 28 avril 2026 \u00e0 12 h 00 <\/small>\n\n\t\t\t\t\t\t<p class=\"description\">Ce code&amp;nbsp;de&amp;nbsp;conduite aide les commer\u00e7ants fran\u00e7ais du secteur de l\u2019habillement et de la chaussure \u00e0 s\u2019engager en faveur de la protection de leurs clients. Il traduit concr\u00e8tement les exigences du RGPD et renforce la [&hellip;]<\/p>\n\n\t\t\t\t\t\t\n\t\t\t\t\t\t\t\t\t\t\t<\/div>\n\t\t\t\t<\/div>\n\t\t\t<\/li>\n\t\t\t\t\t\t<li  style=\"padding: 8px 0 13px\" class=\"rss_item feedzy-rss-col-3\" >\n\t\t\t\t\t\t\t\t\t<div class=\"rss_image\" style=\"width:80px; height:80px;\">\n\t\t\t\t\t\t<a href=\"https:\/\/www.cnil.fr\/fr\/rapport-activite-dpo\" target=\"_blank\" \n\t\t\t\t\t\t\trel=\"noopener \"\n\t\t\t\t\t\t\ttitle=\"Le rapport d\u2019activit\u00e9 du DPO : piloter la conformit\u00e9 et valoriser ses actions\"\n\t\t\t\t\t\t\tstyle=\"width:80px; height:80px;\">\n\t\t\t\t\t\t\t<span class=\"default\" style=\"background-image:url(https:\/\/dezavelle.com\/cabinet-dpo\/wp-content\/uploads\/2016\/12\/logos-dpo-footer.png)\" title=\"Le rapport d\u2019activit\u00e9 du DPO : piloter la conformit\u00e9 et valoriser ses actions\"><\/span><amp-img width=\"80\" height=\"80\" src=\"https:\/\/dezavelle.com\/cabinet-dpo\/wp-content\/uploads\/2016\/12\/logos-dpo-footer.png\">\t\t\t\t\t\t<\/a>\n\t\t\t\t\t<\/div>\n\t\t\t\t\t\t\t\t<div class=\"rss_content_wrap\">\n\t\t\t\t\t<span class=\"title\">\n\t\t\t\t\t\t<a href=\"https:\/\/www.cnil.fr\/fr\/rapport-activite-dpo\" target=\"_blank\"  rel=\"noopener \">\n\t\t\t\t\t\t\tLe rapport d\u2019activit\u00e9 du DPO : piloter la conformit\u00e9 et valoriser ses actions\t\t\t\t\t\t<\/a>\n\t\t\t\t\t<\/span>\n\t\t\t\t\t<div class=\"rss_content\"\n\t\t\t\t\t\tstyle=\"\">\n\t\t\t\t\t\t<small class=\"meta\">par <a href=\"\/\/www.cnil.fr\" target=\"_blank\" title=\"www.cnil.fr\">CNIL<\/a> le 27 avril 2026 \u00e0 12 h 00 <\/small>\n\n\t\t\t\t\t\t<p class=\"description\">Recommand\u00e9 par la CNIL, le rapport d\u2019activit\u00e9 du d\u00e9l\u00e9gu\u00e9 \/ de la d\u00e9l\u00e9gu\u00e9e \u00e0 la protection des donn\u00e9es participe au pilotage de la conformit\u00e9 et permet au DPO de rendre compte de son activit\u00e9 \u00e0 la direction. Pour favoriser et faciliter [&hellip;]<\/p>\n\n\t\t\t\t\t\t\n\t\t\t\t\t\t\t\t\t\t\t<\/div>\n\t\t\t\t<\/div>\n\t\t\t<\/li>\n\t\t\t\t\t\t<li  style=\"padding: 8px 0 13px\" class=\"rss_item feedzy-rss-col-3\" >\n\t\t\t\t\t\t\t\t\t<div class=\"rss_image\" style=\"width:80px; height:80px;\">\n\t\t\t\t\t\t<a href=\"https:\/\/www.cnil.fr\/fr\/recommandation-vote-electronique\" target=\"_blank\" \n\t\t\t\t\t\t\trel=\"noopener \"\n\t\t\t\t\t\t\ttitle=\"Vote par correspondance \u00e9lectronique : la CNIL met \u00e0 jour sa recommandation\"\n\t\t\t\t\t\t\tstyle=\"width:80px; height:80px;\">\n\t\t\t\t\t\t\t<span class=\"default\" style=\"background-image:url(https:\/\/dezavelle.com\/cabinet-dpo\/wp-content\/uploads\/2016\/12\/logos-dpo-footer.png)\" title=\"Vote par correspondance \u00e9lectronique : la CNIL met \u00e0 jour sa recommandation\"><\/span><amp-img width=\"80\" height=\"80\" src=\"https:\/\/dezavelle.com\/cabinet-dpo\/wp-content\/uploads\/2016\/12\/logos-dpo-footer.png\">\t\t\t\t\t\t<\/a>\n\t\t\t\t\t<\/div>\n\t\t\t\t\t\t\t\t<div class=\"rss_content_wrap\">\n\t\t\t\t\t<span class=\"title\">\n\t\t\t\t\t\t<a href=\"https:\/\/www.cnil.fr\/fr\/recommandation-vote-electronique\" target=\"_blank\"  rel=\"noopener \">\n\t\t\t\t\t\t\tVote par correspondance \u00e9lectronique : la CNIL met \u00e0 jour sa recommandation\t\t\t\t\t\t<\/a>\n\t\t\t\t\t<\/span>\n\t\t\t\t\t<div class=\"rss_content\"\n\t\t\t\t\t\tstyle=\"\">\n\t\t\t\t\t\t<small class=\"meta\">par <a href=\"\/\/www.cnil.fr\" target=\"_blank\" title=\"www.cnil.fr\">CNIL<\/a> le 24 avril 2026 \u00e0 12 h 00 <\/small>\n\n\t\t\t\t\t\t<p class=\"description\">\u00c0 l\u2019issue d\u2019une consultation publique, la CNIL actualise sa recommandation sur la s\u00e9curit\u00e9 des syst\u00e8mes de vote par correspondance \u00e9lectronique. Elle offre un cadre plus clair et plus op\u00e9rationnel, en maintenant un haut niveau d\u2019exigence [&hellip;]<\/p>\n\n\t\t\t\t\t\t\n\t\t\t\t\t\t\t\t\t\t\t<\/div>\n\t\t\t\t<\/div>\n\t\t\t<\/li>\n\t\t\t\t<\/ul>\n<\/div>\n<style type=\"text\/css\" media=\"all\">.feedzy-rss .rss_item .rss_image{float:left;position:relative;border:none;text-decoration:none;max-width:100%}.feedzy-rss .rss_item .rss_image span{display:inline-block;position:absolute;width:100%;height:100%;background-position:50%;background-size:cover}.feedzy-rss .rss_item .rss_image{margin:.3em 1em 0 0;content-visibility:auto}.feedzy-rss ul{list-style:none}.feedzy-rss ul li{display:inline-block}<\/style>\n<p>&nbsp;<\/p>\n<div class=\"feedzy-f84b20913905e0d59236b91448d4894a feedzy-rss\"><div class=\"rss_header\"><h2><a href=\"\" class=\"rss_title\" rel=\"noopener\"><\/a> <span class=\"rss_description\"> <\/span><\/h2><\/div><ul>Feed has no items.<\/ul> <\/div>\n","protected":false},"excerpt":{"rendered":"<p>&nbsp; &nbsp;<\/p>\n","protected":false},"author":1,"featured_media":0,"parent":0,"menu_order":0,"comment_status":"closed","ping_status":"closed","template":"","meta":{"footnotes":""},"yoast_head":"<!-- This site is optimized with the Yoast SEO plugin v20.4 - https:\/\/yoast.com\/wordpress\/plugins\/seo\/ -->\n<title>Informatique et Libert\u00e9s - Dezavelle<\/title>\n<meta name=\"robots\" content=\"index, follow, max-snippet:-1, max-image-preview:large, max-video-preview:-1\" \/>\n<link rel=\"canonical\" href=\"https:\/\/dezavelle.com\/cabinet-dpo\/informatique-et-libertes\/\" \/>\n<meta property=\"og:locale\" content=\"fr_FR\" \/>\n<meta property=\"og:type\" content=\"article\" \/>\n<meta property=\"og:title\" content=\"Informatique et Libert\u00e9s - Dezavelle\" \/>\n<meta property=\"og:description\" content=\"&nbsp; &nbsp;\" \/>\n<meta property=\"og:url\" content=\"https:\/\/dezavelle.com\/cabinet-dpo\/informatique-et-libertes\/\" \/>\n<meta property=\"og:site_name\" content=\"Dezavelle\" \/>\n<meta property=\"article:modified_time\" content=\"2017-07-23T16:05:53+00:00\" \/>\n<meta name=\"twitter:card\" content=\"summary_large_image\" \/>\n<script type=\"application\/ld+json\" class=\"yoast-schema-graph\">{\"@context\":\"https:\/\/schema.org\",\"@graph\":[{\"@type\":\"WebPage\",\"@id\":\"https:\/\/dezavelle.com\/cabinet-dpo\/informatique-et-libertes\/\",\"url\":\"https:\/\/dezavelle.com\/cabinet-dpo\/informatique-et-libertes\/\",\"name\":\"Informatique et Libert\u00e9s - Dezavelle\",\"isPartOf\":{\"@id\":\"https:\/\/dezavelle.com\/cabinet-dpo\/#website\"},\"datePublished\":\"2016-12-14T09:36:19+00:00\",\"dateModified\":\"2017-07-23T16:05:53+00:00\",\"breadcrumb\":{\"@id\":\"https:\/\/dezavelle.com\/cabinet-dpo\/informatique-et-libertes\/#breadcrumb\"},\"inLanguage\":\"fr-FR\",\"potentialAction\":[{\"@type\":\"ReadAction\",\"target\":[\"https:\/\/dezavelle.com\/cabinet-dpo\/informatique-et-libertes\/\"]}]},{\"@type\":\"BreadcrumbList\",\"@id\":\"https:\/\/dezavelle.com\/cabinet-dpo\/informatique-et-libertes\/#breadcrumb\",\"itemListElement\":[{\"@type\":\"ListItem\",\"position\":1,\"name\":\"Accueil\",\"item\":\"https:\/\/dezavelle.com\/cabinet-dpo\/\"},{\"@type\":\"ListItem\",\"position\":2,\"name\":\"Informatique et Libert\u00e9s\"}]},{\"@type\":\"WebSite\",\"@id\":\"https:\/\/dezavelle.com\/cabinet-dpo\/#website\",\"url\":\"https:\/\/dezavelle.com\/cabinet-dpo\/\",\"name\":\"Dezavelle\",\"description\":\"\",\"potentialAction\":[{\"@type\":\"SearchAction\",\"target\":{\"@type\":\"EntryPoint\",\"urlTemplate\":\"https:\/\/dezavelle.com\/cabinet-dpo\/?s={search_term_string}\"},\"query-input\":\"required name=search_term_string\"}],\"inLanguage\":\"fr-FR\"}]}<\/script>\n<!-- \/ Yoast SEO plugin. -->","yoast_head_json":{"title":"Informatique et Libert\u00e9s - Dezavelle","robots":{"index":"index","follow":"follow","max-snippet":"max-snippet:-1","max-image-preview":"max-image-preview:large","max-video-preview":"max-video-preview:-1"},"canonical":"https:\/\/dezavelle.com\/cabinet-dpo\/informatique-et-libertes\/","og_locale":"fr_FR","og_type":"article","og_title":"Informatique et Libert\u00e9s - Dezavelle","og_description":"&nbsp; &nbsp;","og_url":"https:\/\/dezavelle.com\/cabinet-dpo\/informatique-et-libertes\/","og_site_name":"Dezavelle","article_modified_time":"2017-07-23T16:05:53+00:00","twitter_card":"summary_large_image","schema":{"@context":"https:\/\/schema.org","@graph":[{"@type":"WebPage","@id":"https:\/\/dezavelle.com\/cabinet-dpo\/informatique-et-libertes\/","url":"https:\/\/dezavelle.com\/cabinet-dpo\/informatique-et-libertes\/","name":"Informatique et Libert\u00e9s - Dezavelle","isPartOf":{"@id":"https:\/\/dezavelle.com\/cabinet-dpo\/#website"},"datePublished":"2016-12-14T09:36:19+00:00","dateModified":"2017-07-23T16:05:53+00:00","breadcrumb":{"@id":"https:\/\/dezavelle.com\/cabinet-dpo\/informatique-et-libertes\/#breadcrumb"},"inLanguage":"fr-FR","potentialAction":[{"@type":"ReadAction","target":["https:\/\/dezavelle.com\/cabinet-dpo\/informatique-et-libertes\/"]}]},{"@type":"BreadcrumbList","@id":"https:\/\/dezavelle.com\/cabinet-dpo\/informatique-et-libertes\/#breadcrumb","itemListElement":[{"@type":"ListItem","position":1,"name":"Accueil","item":"https:\/\/dezavelle.com\/cabinet-dpo\/"},{"@type":"ListItem","position":2,"name":"Informatique et Libert\u00e9s"}]},{"@type":"WebSite","@id":"https:\/\/dezavelle.com\/cabinet-dpo\/#website","url":"https:\/\/dezavelle.com\/cabinet-dpo\/","name":"Dezavelle","description":"","potentialAction":[{"@type":"SearchAction","target":{"@type":"EntryPoint","urlTemplate":"https:\/\/dezavelle.com\/cabinet-dpo\/?s={search_term_string}"},"query-input":"required name=search_term_string"}],"inLanguage":"fr-FR"}]}},"_links":{"self":[{"href":"https:\/\/dezavelle.com\/cabinet-dpo\/wp-json\/wp\/v2\/pages\/118"}],"collection":[{"href":"https:\/\/dezavelle.com\/cabinet-dpo\/wp-json\/wp\/v2\/pages"}],"about":[{"href":"https:\/\/dezavelle.com\/cabinet-dpo\/wp-json\/wp\/v2\/types\/page"}],"author":[{"embeddable":true,"href":"https:\/\/dezavelle.com\/cabinet-dpo\/wp-json\/wp\/v2\/users\/1"}],"replies":[{"embeddable":true,"href":"https:\/\/dezavelle.com\/cabinet-dpo\/wp-json\/wp\/v2\/comments?post=118"}],"version-history":[{"count":25,"href":"https:\/\/dezavelle.com\/cabinet-dpo\/wp-json\/wp\/v2\/pages\/118\/revisions"}],"predecessor-version":[{"id":798,"href":"https:\/\/dezavelle.com\/cabinet-dpo\/wp-json\/wp\/v2\/pages\/118\/revisions\/798"}],"wp:attachment":[{"href":"https:\/\/dezavelle.com\/cabinet-dpo\/wp-json\/wp\/v2\/media?parent=118"}],"curies":[{"name":"wp","href":"https:\/\/api.w.org\/{rel}","templated":true}]}}